{"id":229,"date":"2025-10-27T12:37:26","date_gmt":"2025-10-27T12:37:26","guid":{"rendered":"https:\/\/www.afirmacjadotykaniola.pl\/?page_id=229"},"modified":"2026-03-03T12:20:07","modified_gmt":"2026-03-03T12:20:07","slug":"strona-glowna","status":"publish","type":"page","link":"https:\/\/www.afirmacjadotykaniola.pl\/","title":{"rendered":"Strona g\u0142\u00f3wna"},"content":{"rendered":"<div class=\"\" style=\"\" >\n    \n    <section class=\"u-clearfix u-palette-1-dark-1 u-section-2\" id=\"block-3\">\n      <div class=\"u-clearfix u-sheet u-valign-middle u-sheet-1\">\n        <img decoding=\"async\" class=\"custom-expanded u-image u-image-1\" src=\"https:\/\/www.afirmacjadotykaniola.pl\/wp-content\/uploads\/2026\/02\/Beznazwy21.166x15.875cm3.png\" data-image-width=\"2000\" data-image-height=\"1500\">\n      <\/div>\n    <\/section>\n    <section class=\"u-border-3 u-clearfix u-custom-color-7 u-section-3\" id=\"sec-4f14\">\n      <div class=\"u-clearfix u-sheet u-valign-bottom-md u-valign-bottom-sm u-sheet-1\">\n        <div class=\"data-layout-selected u-clearfix u-expanded-width u-gutter-30 u-layout-wrap u-layout-wrap-1\">\n          <div class=\"u-gutter-0 u-layout\">\n            <div class=\"u-layout-row\">\n              <div class=\"u-size-35\">\n                <div class=\"u-layout-col\">\n                  <div class=\"u-container-style u-custom-color-13 u-layout-cell u-left-cell u-size-60 u-layout-cell-1\">\n                    <div class=\"u-border-15 u-border-custom-color-13 u-container-layout u-valign-top-md u-valign-top-sm u-container-layout-1\">\n                      <img decoding=\"async\" class=\"custom-expanded u-image u-image-1\" src=\"https:\/\/www.afirmacjadotykaniola.pl\/wp-content\/uploads\/2025\/10\/DotykAnioa51-min-1.jpg\" data-image-width=\"3502\" data-image-height=\"5253\">\n                      <div class=\"custom-expanded u-custom-color-7 u-shape u-shape-rectangle u-shape-1\"><\/div>\n                      <img decoding=\"async\" src=\"https:\/\/www.afirmacjadotykaniola.pl\/wp-content\/uploads\/2025\/10\/DSC05895-Edytuj-1.jpg\" alt=\"\" class=\"u-align-center-lg u-align-center-md u-align-center-sm u-align-center-xs u-align-left-xl u-image u-image-2\" data-image-width=\"1200\" data-image-height=\"960\">\n                    <\/div>\n                  <\/div>\n                <\/div>\n              <\/div>\n              <div class=\"u-size-25\">\n                <div class=\"u-layout-col\">\n                  <div class=\"u-container-style u-image u-layout-cell u-right-cell u-size-30 u-image-3\" data-image-width=\"3638\" data-image-height=\"5457\" style=\"background-image: url(&quot;https:\/\/www.afirmacjadotykaniola.pl\/wp-content\/uploads\/2025\/10\/DotykAnioa2-min-1.jpg&quot;);\">\n                    <div class=\"u-container-layout u-container-layout-2\"><\/div>\n                  <\/div>\n                  <div class=\"u-align-center u-container-align-center u-container-style u-custom-color-13 u-layout-cell u-right-cell u-size-30 u-layout-cell-3\">\n                    <div class=\"u-container-layout u-valign-top-lg u-valign-top-md u-container-layout-3\">\n                      <h2 class=\"u-align-center u-text u-text-body-color u-text-1\"> Twoja chwila relaksu&nbsp;i pi\u0119kna<\/h2>\n                      <p class=\"u-align-center u-custom-font u-font-lato u-text u-text-body-color u-text-2\">Zadbaj o siebie w Moim salonie kosmetycznym , miejsce gdzie pi\u0119kno spotyka &nbsp;z profesjonalizmem .<br>Oferuj\u0119 szeroki wyb\u00f3r zabieg\u00f3w piel\u0119gnacyjnych&nbsp;i upi\u0119kszaj\u0105cych , dzi\u0119ki kt\u00f3rym Twoje cia\u0142o odzyska blask a Ty poczujesz si\u0119 wyj\u0105tkowo . \n                      <\/p>\n                    <\/div>\n                  <\/div>\n                <\/div>\n              <\/div>\n            <\/div>\n          <\/div>\n        <\/div>\n      <\/div>\n    <\/section>\n    <section class=\"u-clearfix u-custom-color-13 u-section-4\" id=\"FFD700\">\n      <div class=\"u-clearfix u-sheet u-valign-middle-md u-valign-middle-sm u-sheet-1\">\n        <div class=\"u-custom-color-20 u-expanded-width-lg u-expanded-width-md u-expanded-width-sm u-expanded-width-xs u-shape u-shape-rectangle u-shape-1\"><\/div>\n        <div class=\"custom-expanded data-layout-selected u-clearfix u-gutter-0 u-layout-wrap u-layout-wrap-1\">\n          <div class=\"u-layout\">\n            <div class=\"u-layout-row\">\n              <div class=\"u-size-32 u-size-60-md\">\n                <div class=\"u-layout-col\">\n                  <div class=\"u-container-style u-layout-cell u-left-cell u-size-40 u-layout-cell-1\" data-animation-name=\"customAnimationIn\" data-animation-duration=\"1500\">\n                    <div class=\"u-container-layout u-valign-top-lg u-valign-top-md u-valign-top-sm u-valign-top-xs u-container-layout-1\">\n                      <img decoding=\"async\" class=\"u-absolute-hcenter u-expanded u-image\" src=\"https:\/\/www.afirmacjadotykaniola.pl\/wp-content\/uploads\/2025\/10\/Zrzutekranu2025-09-18093942-1.png\" data-image-width=\"649\" data-image-height=\"642\" data-animation-out=\"0\">\n                    <\/div>\n                  <\/div>\n                  <div class=\"u-align-center-xs u-align-left-lg u-align-left-md u-align-left-sm u-align-left-xl u-container-align-left u-container-align-left-xl u-container-style u-layout-cell u-left-cell u-size-20 u-layout-cell-2\">\n                    <div class=\"u-container-layout u-valign-top-md u-valign-top-sm u-container-layout-2\">\n                      <h3 class=\"u-custom-font u-heading-font u-text u-text-body-color u-text-1\">Tw\u00f3j bon upominkowy<\/h3>\n                      <img decoding=\"async\" class=\"custom-expanded u-image u-image-default u-image-2\" src=\"https:\/\/www.afirmacjadotykaniola.pl\/wp-content\/uploads\/2025\/10\/Zrzutekranu2025-09-18102901-1.png\" alt=\"\" data-image-width=\"431\" data-image-height=\"597\" data-animation-out=\"0\">\n                    <\/div>\n                  <\/div>\n                <\/div>\n              <\/div>\n              <div class=\"u-size-28 u-size-60-md\">\n                <div class=\"u-layout-col\">\n                  <div class=\"u-container-style u-custom-color-20 u-layout-cell u-right-cell u-size-20 u-layout-cell-3\">\n                    <div class=\"u-container-layout u-valign-top-lg u-valign-top-md u-valign-top-sm u-container-layout-3\">\n                      <h5 class=\"u-align-left u-custom-font u-font-playfair-display u-text u-text-body-color u-text-2\">Zdrowie i uroda<\/h5>\n                      <h1 class=\"u-text u-text-body-color u-text-3\">Salon pi\u0119kno\u015bci<\/h1>\n                    <\/div>\n                  <\/div>\n                  <div class=\"u-container-style u-custom-color-20 u-layout-cell u-right-cell u-size-40 u-layout-cell-4\" data-animation-name=\"customAnimationIn\" data-animation-duration=\"1500\" data-animation-delay=\"500\">\n                    <div class=\"u-container-layout u-container-layout-4\">\n                      <img decoding=\"async\" class=\"u-absolute-hcenter u-expanded u-image\" src=\"https:\/\/www.afirmacjadotykaniola.pl\/wp-content\/uploads\/2025\/10\/Zrzutekranu2025-09-18102828.png\" data-image-width=\"426\" data-image-height=\"642\" data-animation-out=\"0\">\n                    <\/div>\n                  <\/div>\n                <\/div>\n              <\/div>\n            <\/div>\n          <\/div>\n        <\/div>\n        <h5 class=\"u-align-center u-custom-font u-font-lato u-text u-text-body-color u-text-4\"> Zapraszam do zakupu Voucher\u00f3w- termin realizacji jest adekwatny do kwoty na Voucherze- im cena ni\u017csza , tym termin realizacji kr\u00f3tszy .<\/h5>\n      <\/div>\n    <\/section>\n    <section class=\"u-clearfix u-grey-5 u-section-5\" id=\"sec-a2ae\">\n      <div class=\"u-clearfix u-sheet u-valign-bottom-md u-valign-bottom-sm u-valign-middle-lg u-sheet-1\">\n        <div class=\"data-layout-selected u-clearfix u-expanded-width u-gutter-24 u-layout-wrap u-layout-wrap-1\">\n          <div class=\"u-gutter-0 u-layout\">\n            <div class=\"u-layout-row\">\n              <div class=\"u-size-35\">\n                <div class=\"u-layout-col\">\n                  <div class=\"u-align-left u-container-align-left u-container-align-left-lg u-container-align-left-md u-container-align-left-sm u-container-align-left-xl u-container-style u-custom-color-20 u-layout-cell u-left-cell u-size-20 u-layout-cell-1\">\n                    <div class=\"u-container-layout u-valign-middle-lg u-valign-middle-md u-valign-middle-sm u-valign-middle-xl u-container-layout-1\">\n                      <h2 class=\"u-align-center u-text u-text-body-color u-text-1\">Profesjonalne zabiegi<br>\n                      <\/h2>\n                    <\/div>\n                  <\/div>\n                  <div class=\"u-align-left u-container-align-left u-container-style u-layout-cell u-left-cell u-size-20 u-layout-cell-2\">\n                    <div class=\"u-container-layout\">\n                      <div class=\"u-align-left u-custom-color-20 u-expanded-width u-shape u-shape-1\"><\/div>\n                      <img decoding=\"async\" class=\"u-expanded-width-xs u-image u-image-1\" src=\"https:\/\/www.afirmacjadotykaniola.pl\/wp-content\/uploads\/2025\/10\/woman-getting-back-massage-from-masseur7-1.jpg\" data-image-width=\"1000\" data-image-height=\"1345\">\n                    <\/div>\n                  <\/div>\n                  <div class=\"u-align-center u-container-align-center u-container-align-center-xl u-container-style u-custom-color-20 u-layout-cell u-left-cell u-size-20 u-layout-cell-3\">\n                    <div class=\"u-container-layout u-valign-middle-lg u-valign-middle-xl u-valign-top-md u-valign-top-sm u-valign-top-xs u-container-layout-3\">\n                      <p class=\"u-custom-font u-font-lato u-text u-text-body-color u-text-2\"> Odetchnij od codzienno\u015bci i oddaj&nbsp;si\u0119 w moje r\u0119ce .&nbsp;Zabiegi kosmetyczne&nbsp; to nie tylko piel\u0119gnacja ,&nbsp;ale tak\u017ce&nbsp;chwila odpr\u0119\u017cenia i przyjemno\u015bci .<br style=\"\">\n                      <\/p>\n                    <\/div>\n                  <\/div>\n                <\/div>\n              <\/div>\n              <div class=\"u-size-25\">\n                <div class=\"u-layout-col\">\n                  <div class=\"u-align-left u-container-align-left u-container-style u-layout-cell u-right-cell u-size-30 u-layout-cell-4\">\n                    <div class=\"u-container-layout\">\n                      <img decoding=\"async\" class=\"u-expanded-width u-image u-image-2\" src=\"https:\/\/www.afirmacjadotykaniola.pl\/wp-content\/uploads\/2025\/10\/56546-1.jpg\" data-image-width=\"740\" data-image-height=\"1110\">\n                    <\/div>\n                  <\/div>\n                  <div class=\"u-align-center u-container-align-center u-container-style u-custom-color-20 u-layout-cell u-right-cell u-size-30 u-layout-cell-5\">\n                    <div class=\"u-container-layout u-valign-middle-lg u-valign-middle-xl u-valign-middle-xs u-container-layout-5\">\n                      <p class=\"u-custom-font u-font-lato u-text u-text-body-color u-text-3\"> Odkryj moc dotyku , kt\u00f3ry odpr\u0119\u017ca cia\u0142o<br>&nbsp;i koi zmys\u0142y . Moje masa\u017ce piel\u0119gnacyjne&nbsp;<br>i relaksacyjne poprawiaj\u0105 kondycj\u0119 sk\u00f3ry ,<br>&nbsp;rozlu\u017aniaj\u0105 napi\u0119cia mi\u0119\u015bniowe i przywracaj\u0105 wewn\u0119trzn\u0105 r\u00f3wnowag\u0119 .&nbsp;<br>\n                      <\/p>\n                    <\/div>\n                  <\/div>\n                <\/div>\n              <\/div>\n            <\/div>\n          <\/div>\n        <\/div>\n      <\/div>\n    <\/section>\n    <section class=\"u-clearfix u-grey-5 u-section-6\" id=\"sec-deba\">\n      <div class=\"u-clearfix u-sheet u-valign-middle-md u-valign-middle-sm u-valign-middle-xl u-sheet-1\">\n        <div class=\"data-layout-selected u-clearfix u-expanded-width u-gutter-0 u-layout-wrap u-layout-wrap-1\">\n          <div class=\"u-gutter-0 u-layout\">\n            <div class=\"u-layout-row\">\n              <div class=\"u-size-30\">\n                <div class=\"u-layout-col\">\n                  <div class=\"u-align-left u-container-align-left u-container-align-left-lg u-container-align-left-md u-container-align-left-sm u-container-align-left-xl u-container-style u-custom-color-20 u-layout-cell u-left-cell u-size-30 u-layout-cell-1\">\n                    <div class=\"u-container-layout u-valign-middle-lg u-valign-middle-md u-valign-middle-sm\">\n                      <img decoding=\"async\" class=\"u-expanded-width-xs u-image u-image-1\" src=\"https:\/\/www.afirmacjadotykaniola.pl\/wp-content\/uploads\/2025\/10\/Zrzutekranu2025-10-12124808-1.png\" data-image-width=\"639\" data-image-height=\"785\">\n                    <\/div>\n                  <\/div>\n                  <div class=\"u-align-left u-container-align-left u-container-align-left-lg u-container-align-left-md u-container-align-left-sm u-container-align-left-xl u-container-style u-custom-color-13 u-layout-cell u-left-cell u-size-30 u-layout-cell-2\">\n                    <div class=\"u-container-layout u-valign-top-md u-valign-top-sm u-valign-top-xs u-container-layout-2\">\n                      <p class=\"u-align-center u-custom-font u-font-lato u-text u-text-1\">Um\u00f3wienie wizyty jest mo\u017cliwe osobi\u015bcie&nbsp;&nbsp;w salonie lub&nbsp; pod numerem telefonu . Uprzejmie prosz\u0119 o \u200bzapozn\u200banie&nbsp;&nbsp;<br>si\u0119&nbsp;z regulaminem Moich us\u0142ug . \n                      <\/p>\n                      <a href=\"tel:+ 48 731 678 778\" class=\"u-align-center u-border-none u-btn u-btn-round u-button-style u-custom-color-14 u-custom-font u-font-pt-sans u-radius-6 u-text-black u-btn-1\">ZADZWO\u0143 <\/a>\n                    <\/div>\n                  <\/div>\n                <\/div>\n              <\/div>\n              <div class=\"u-size-30\">\n                <div class=\"u-layout-row\">\n                  <div class=\"u-align-left u-container-align-left u-container-style u-layout-cell u-right-cell u-size-60 u-layout-cell-3\" data-animation-out=\"0\">\n                    <div class=\"u-container-layout u-container-layout-3\">\n                      <div class=\"u-align-left u-custom-color-20 u-expanded-width-lg u-expanded-width-md u-expanded-width-sm u-expanded-width-xs u-shape u-shape-1\"><\/div>\n                      <img decoding=\"async\" src=\"https:\/\/www.afirmacjadotykaniola.pl\/wp-content\/uploads\/2025\/10\/fYhJLLiKk5StSqSLUI.jpeg\" alt=\"\" class=\"custom-expanded u-align-left u-image u-image-2\" data-image-width=\"150\" data-image-height=\"100\">\n                      <div class=\"u-container-style u-custom-color-13 u-expanded-width-xs u-group u-group-1\">\n                        <div class=\"u-container-layout u-valign-middle-md u-valign-middle-sm u-valign-middle-xl u-valign-top-lg u-container-layout-4\">\n                          <p class=\"u-align-center u-custom-font u-font-lato u-text u-text-black u-text-2\">M\u00f3j salon kosmetyczny to gwarancja wysokiej jako\u015bci us\u0142ug i indywidulanego podej\u015bcia . Dzi\u0119ki nowoczesnym technologiom&nbsp;i profesjonalnym kosmetykom , osi\u0105gniesz trwa\u0142e efekty .<\/p>\n                        <\/div>\n                      <\/div>\n                    <\/div>\n                  <\/div>\n                <\/div>\n              <\/div>\n            <\/div>\n          <\/div>\n        <\/div>\n      <\/div>\n    <\/section>\n    <section class=\"u-clearfix u-grey-light-2 u-typography-custom-page-typography-12--Map u-section-7\" id=\"block-2\">\n      <div class=\"u-expanded u-grey-light-2 u-map\">\n        <div class=\"embed-responsive\">\n          <iframe class=\"embed-responsive-item\" src=\"https:\/\/maps.google.com\/maps?output=embed&amp;q=Afirmacja%20Dotyk%20Anio%C5%82a%20Anna%20Strzelewicz%20Beauty%20%26%20Spa%20Lubin&amp;t=m\" data-map=\"JTdCJTIycG9zaXRpb25UeXBlJTIyJTNBJTIybWFwLWFkZHJlc3MlMjIlMkMlMjJhZGRyZXNzJTIyJTNBJTIyQWZpcm1hY2phJTIwRG90eWslMjBBbmlvJUM1JTgyYSUyMEFubmElMjBTdHJ6ZWxld2ljeiUyMEJlYXV0eSUyMCUyNiUyMFNwYSUyMEx1YmluJTIyJTJDJTIyem9vbSUyMiUzQW51bGwlMkMlMjJ0eXBlSWQlMjIlM0ElMjJyb2FkJTIyJTJDJTIybGFuZyUyMiUzQW51bGwlMkMlMjJhcGlLZXklMjIlM0FudWxsJTJDJTIybWFya2VycyUyMiUzQSU1QiU1RCU3RA==\"><\/iframe>\n        <\/div>\n      <\/div>\n    <\/section>\n    <section class=\"u-clearfix u-valign-top-md u-valign-top-sm u-white u-section-8\" id=\"sec-6c38\">\n      <div class=\"u-animation-fixed u-custom-color-13 u-expanded-width u-shape u-shape-rectangle u-shape-1\" data-animation-out=\"0\"><\/div>\n      <div class=\"u-shape u-shape-rectangle u-white u-shape-2\"><\/div>\n      <img decoding=\"async\" class=\"u-image u-image-1\" src=\"https:\/\/www.afirmacjadotykaniola.pl\/wp-content\/uploads\/2025\/10\/Zrzutekranu2025-09-18093703-1.png\" data-image-width=\"448\" data-image-height=\"461\">\n      <div class=\"u-container-align-center-sm u-container-style u-group u-shape-rectangle u-white u-group-1\" data-animation-name=\"customAnimationIn\" data-animation-duration=\"1500\" data-animation-delay=\"500\">\n        <div class=\"u-container-layout u-valign-top-md u-valign-top-sm u-container-layout-1\">\n          <h2 class=\"u-align-left u-text u-text-1\" data-animation-name=\"customAnimationIn\" data-animation-duration=\"1500\" data-animation-delay=\"750\">Skontaktuj si\u0119&nbsp;ze mn\u0105<\/h2>\n          <p class=\"u-text u-text-2\"><span style=\"font-weight: 700; font-size: 1.5rem;\">Anna Strzelewicz<\/span>&nbsp;<br>ul. Stefana&nbsp; Kiesielewskiego 18<br>59 - 300 Lubin<br>Tel. 731 - 678 - 778<br><span style=\"font-size: 1.125rem;\">email: afirmacja.dotykaniola@gmail.com<br><\/span>\n            <br>\n          <\/p>\n          <a href=\"tel:+48 731 678 778\" class=\"u-align-center-sm u-align-center-xs u-border-none u-btn u-btn-round u-button-style u-custom-color-14 u-custom-font u-font-lato u-radius-6 u-text-black u-btn-1\">ZADZWO\u0143 <\/a>\n        <\/div>\n      <\/div>\n    <\/section>\n    \n    \n    \n  \n<\/div>","protected":false},"excerpt":{"rendered":"<p>Twoja chwila relaksu&nbsp;i pi\u0119kna Zadbaj o siebie w Moim salonie kosmetycznym , miejsce gdzie pi\u0119kno spotyka &nbsp;z profesjonalizmem .Oferuj\u0119 szeroki wyb\u00f3r zabieg\u00f3w piel\u0119gnacyjnych&nbsp;i upi\u0119kszaj\u0105cych , dzi\u0119ki kt\u00f3rym Twoje cia\u0142o odzyska blask a Ty poczujesz si\u0119 wyj\u0105tkowo . Tw\u00f3j bon upominkowy Zdrowie i uroda Salon pi\u0119kno\u015bci Zapraszam do zakupu Voucher\u00f3w- termin realizacji jest adekwatny do kwoty [&hellip;]<\/p>\n","protected":false},"author":1,"featured_media":0,"parent":0,"menu_order":1,"comment_status":"closed","ping_status":"closed","template":"","meta":{"footnotes":""},"class_list":["post-229","page","type-page","status-publish","hentry"],"_links":{"self":[{"href":"https:\/\/www.afirmacjadotykaniola.pl\/index.php?rest_route=\/wp\/v2\/pages\/229","targetHints":{"allow":["GET"]}}],"collection":[{"href":"https:\/\/www.afirmacjadotykaniola.pl\/index.php?rest_route=\/wp\/v2\/pages"}],"about":[{"href":"https:\/\/www.afirmacjadotykaniola.pl\/index.php?rest_route=\/wp\/v2\/types\/page"}],"author":[{"embeddable":true,"href":"https:\/\/www.afirmacjadotykaniola.pl\/index.php?rest_route=\/wp\/v2\/users\/1"}],"replies":[{"embeddable":true,"href":"https:\/\/www.afirmacjadotykaniola.pl\/index.php?rest_route=%2Fwp%2Fv2%2Fcomments&post=229"}],"version-history":[{"count":8,"href":"https:\/\/www.afirmacjadotykaniola.pl\/index.php?rest_route=\/wp\/v2\/pages\/229\/revisions"}],"predecessor-version":[{"id":509,"href":"https:\/\/www.afirmacjadotykaniola.pl\/index.php?rest_route=\/wp\/v2\/pages\/229\/revisions\/509"}],"wp:attachment":[{"href":"https:\/\/www.afirmacjadotykaniola.pl\/index.php?rest_route=%2Fwp%2Fv2%2Fmedia&parent=229"}],"curies":[{"name":"wp","href":"https:\/\/api.w.org\/{rel}","templated":true}]}}